. Let v(w) = -14*w**2 + 2*w + 1. What is v(m)?
-15
Suppose 117*u + 53 = -16 + 303. Let w(v) = -4 + 3 - 2*v**2 - 2*v - 3. Let t(q) = q**3 + 2*q**2 + 2*q + 3. Let y(k) = u*w(k) + 3*t(k). Calculate y(-1).
-2
Let q be (7 - -2)/(1 - 3 - -3). Let w(j) = 3*j - 4*j - q + 10. Suppose 19 - 11 = y. Calculate w(y).
-7
Let l(p) = -3*p - 1. Let j be (-3)/6 + 3 + (-11)/(-2). Suppose -5*m = 25, 4*i - j*m + 1 = -5*m. Give l(i).
11
Let c(k) = 5*k**2 + 174 + 218 - 16*k - 538 - 4*k**2 + 182. Calculate c(13).
-3
Let d(o) = 2*o**2 - 7*o + 4. Let r = -123 - -118. Let w(s) = s**2 - 3*s + 1. Let z(g) = r*w(g) + 3*d(g). What is z(7)?
14
Let p = -16 - -19. Let u(i) = -17*i - 7. Let a(j) = -2*j - 1. Let t(s) = 21*a(s) - 3*u(s). Calculate t(p).
27
Let y(x) be the first derivative of -5*x**2/2 - 134*x - 1180. Determine y(-28).
6
Let n(o) be the second derivative of -o**5/60 - o**4/8 + o**3 + 107*o**2/2 + o + 14. Let u(g) be the first derivative of n(g). Determine u(-5).
-4
Suppose 4*x - 3*a + 78 = 0, -6*x + 7*x = a - 19. Let o(j) = -j - 17. Calculate o(x).
4
Suppose 0 = 4*a - 0*a - 24. Suppose 6*w - 24 - a = 0. Suppose 5*z - w*u = -20, 2*z - 9 = 3*z + 4*u. Let n(i) = -i - 6. Determine n(z).
-1
Let x(y) = -y**3 - 22*y**2 + 137*y + 49. Let a be x(-27). Let h(b) = -4*b**2 - 2*b - 2 + b - 2 + b**3 + 9*b**2. Calculate h(a).
1
Let r(f) be the second derivative of -f**6/720 + 17*f**5/120 - 23*f**4/4 - 51*f. Let t(x) be the third derivative of r(x). Calculate t(17).
0
Let o(m) = -m**3 - 5*m**2 - 2*m + 4. Let s(y) = -y - 11. Let l(q) = q**2 + 4*q - 18. Let g be l(-6). Let w be s(g). Determine o(w).
14
Let l(x) be the first derivative of -2*x**2 - 8*x - 401. Suppose 3*s + 13 = 1. What is l(s)?
8
Let k(j) = -10*j + 185. Suppose -28*n = -111*n - 41*n + 2356. Determine k(n).
-5
Let t(k) be the third derivative of k**5/60 - 5*k**4/12 - 13*k**3/2 - 57877*k**2. Let h = 4 + 9. Determine t(h).
0
Suppose 2*d + 2*d = r + 2, 5*r - 8 = 2*d. Let i(s) = -d - 68*s + 4 + 10 + 67*s. What is i(6)?
7
Let x(s) = -9*s**2 - 14*s. Let l(h) = -4*h**2 - 7*h. Let v(g) = -7*l(g) + 3*x(g). Let c be (-10*(-6)/(-24))/((-8)/(-16)). What is v(c)?
-10
Let v(w) be the third derivative of -w**6/120 + w**5/30 + w**4/24 - w**3/3 + 2*w**2. Let c be v(2). Let o(k) = k - 5 - 1 + 3 + 4. Determine o(c).
1
Let i(u) = 12*u**2 - 11*u + 7. Let t(j) = 5*j**2 - 5*j + 3. Let h(c) = -2*i(c) + 5*t(c). Give h(2).
-1
Let n(l) be the second derivative of 0*l**4 + 0 - 32*l + 19*l**2 - 1/15*l**5 - 1/3*l**3. Let f(q) be the first derivative of n(q). Determine f(-2).
-18
Suppose -3 = -2*i + 9. Let t(w) = -w - 2. Let k(x) = -7*x - 11. Let o(g) = i*t(g) - k(g). Determine o(4).
3
Let y(s) be the second derivative of -s**3/6 - 9*s**2 - 4148*s. Determine y(-11).
-7
Let g(l) = 11 + 7 + 12 + 5*l + 1. Give g(-7).
-4
Let w(v) = -22*v + 10*v - 1 + 25*v - 4. Let l be w(2). Suppose -17 = u - l. Let k(b) = 4*b - 6. What is k(u)?
10
Let x(u) = -3 + 0 - 30*u + 31*u - 1. Let q(j) = j**3 - 5*j**2 - 25*j + 12. Let k = 29 - 21. Let c be q(k). Calculate x(c).
0
Let a(l) = 28*l**2 - 1907*l + 214. Let b be a(68). Let t(z) = z**2 - 15*z + 47. What is t(b)?
-3
Let s(p) = 3*p + 4. Let m(x) = 3*x**2 - 16*x + 8. Let u be m(8). Let c = 121 - u. Let w = -52 + c. Determine s(w).
-5
Let l(y) = 7*y**3 - 4*y + y**2 + 7*y**2 + 5 - 2*y**2 - 8*y**3. Give l(5).
10
Let t be 3/5 - (-140)/100. Let r(w) = -4*w**3 - 4*w**2 + 4*w + 3. Let d(p) = -3*p**3 - 4*p**2 + 3*p + 2. Let g(a) = t*r(a) - 3*d(a). Give g(-4).
4
Let j(s) = -65*s**2 + 7*s + 10 - 60*s**2 + 133*s**2. What is j(-3)?
61
Suppose 5*r + 2*l - 7*l = 10, -5*l - 10 = -3*r. Suppose -14*p + 13*p + 1 = r. Suppose -o = p + 7. Let f(s) = -s**3 - 8*s**2 - s. Determine f(o).
8
Suppose 0 = 19*a - 18*a + 7, 0 = 4*d + 4*a + 4. Let x(n) be the first derivative of d + 3*n**2 + 1/3*n**3 - 2*n. Determine x(-7).
5
Let y = 46 + -52. Let h(k) be the third derivative of -k**7/1260 - k**6/720 + 13*k**5/60 + 16*k**2. Let j(l) be the third derivative of h(l). Determine j(y).
23
Let f(i) = -2*i - 1. Let u(s) = -s - 1. Let z(c) = -6*f(c) + 5*u(c). Let q = 4644 - 4647. Calculate z(q).
-20
Let m(i) = 263*i**2 - 6*i + 54. Let y(f) = 316*f**2 - 7*f + 55. Let r(u) = 6*m(u) - 5*y(u). Determine r(5).
-6
Let w(o) = o - 4. Suppose -4*u - 111 = 3*h, -2*h + 2*u - 20 - 40 = 0. Let y = 38 + h. Let p = y + -2. Calculate w(p).
-1
Suppose -2*k + 5*a - 3 = 0, 3*k - 7 = -3*a - 1. Let c = -58 + 60. Let j(t) = -5*t**2 + 2*t**2 + t**2 + t - k + t**c + t**3. What is j(1)?
0
Suppose -4*h - 2 = 2. Let i(k) be the first derivative of 2*k**3/3 + k + 52442. Give i(h).
3
Let c(z) = -8*z - 6*z - 33*z - z + 12. Calculate c(1).
-36
Let u(v) = v + 5. Let k be u(-6). Let x = 5 + k. Suppose -4*h = j + 2*j + 26, 30 = -x*j - 3*h. Let y(c) = c**3 + 7*c**2 + 8*c + 6. What is y(j)?
-6
Let v(z) = 19*z**2 + 8*z - 20. Let h(w) = 6*w**2 + 3*w - 7. Let u(m) = 11*h(m) - 4*v(m). Let x be u(-1). Let l(q) = q**2 + 10*q + 20. Determine l(x).
4
Let i(q) be the second derivative of -q**3/2 - q**2 + q. Suppose 49768*t - 49534*t + 702 = 0. Give i(t).
7
Let d(b) = 4*b**3 + 1 - b**3 - 2*b**3 - 7*b**2 + 6*b. Let m be d(6). Let x(l) = -106*l**3 + 199*l**3 - 92*l**3 + l**2. Determine x(m).
2
Let n(w) be the first derivative of -1/3*w**3 + 50 + 0*w**2 + 2*w. Let d(q) = -q + 2. Let r be d(4). What is n(r)?
-2
Let d = 159 + -153. Let z be d/(-36) + -3 + (-73)/(-6). Let p(l) = l**3 - 8*l**2 - 8*l - 3. Give p(z).
6
Let g(i) be the third derivative of 1/8*i**4 + 4*i**2 + 1/120*i**5 + 0*i - 10/3*i**3 + 0. Let c(h) be the first derivative of g(h). Give c(-3).
0
Suppose 0 = -5*o + 99 + 36. Let n be 357/o - (-10)/(-45). Let r(u) = n + 2*u - u - 16. Calculate r(7).
4
Let r(o) = 14 + 27*o + 9*o**2 - o**3 + 37*o**2 - 49 - 21*o**2. Calculate r(26).
-9
Let g(p) be the second derivative of p**4/4 + 8*p**3/3 - 17*p**2/2 + 243*p + 2. Give g(-8).
47
Let l(c) = -9 - c**2 - 10 - 6 + 23 + 4*c. Determine l(3).
1
Suppose c - 245 = -4*x, -c + 7 = 2. Suppose -14*j + x = -4*j. Let r(p) = p**3 - 6*p**2 - 2*p + 3. Calculate r(j).
-9
Suppose -o + 3*m + 2*m = -24, 0 = 4*o - 2*m - 78. Let n(a) = -a - 8. Determine n(o).
-27
Suppose -112 - 44 = -6*f. Suppose 5*g + f = 1. Let y(i) = -i**3 - 6*i**2 - 4*i - 1. Give y(g).
-6
Let m(u) = u**2 + 2*u + 2. Let l be 3 - (18/(-63) - (-348)/42). Determine m(l).
17
Let f(w) = -7*w**3 + 11*w**2 + 9*w - 23. Let y(k) = -15*k**3 + 23*k**2 + 18*k - 48. Let r(l) = -13*f(l) + 6*y(l). Give r(6).
-7
Suppose j = 4, -2*m - 4*j + 8 + 4 = 0. Let b(f) = 0*f**2 + 0 + 2*f**2 - 3*f - 5504*f**3 + 5503*f**3 + 8*f + 2. Determine b(m).
8
Let g(w) be the first derivative of w**4/4 + w**3/3 - 2*w**2 - w + 1021. What is g(-3)?
-7
Let f(b) be the third derivative of -11*b**4/24 - b**3/2 - b**2. Let q be (-7326)/(-27) - (1 + 5/(-3)). Let i = 270 - q. What is f(i)?
19
Let d = -121 - -119. Let r(s) = s**3 - 5*s**2 - s - 2. Let c(l) = l**2 - l + 1. Let o(b) = d*c(b) - r(b). Calculate o(4).
-4
Suppose o + 131 = -4*q + 135, 5*o + 3*q = -31. Let f(k) = k**3 + 8*k**2 - 6*k - 41. Give f(o).
7
Let u(c) = -435 + 4*c + 180 + 183 + 163 + 7*c. Give u(-8).
3
Let n(g) = 18*g**3 + 10*g**2 - 10. Let l(b) be the third derivative of -b**6/20 - b**5/20 + b**3/2 - 14*b**2 - 3*b. Let j(k) = -10*l(k) - 3*n(k). What is j(1)?
6
Let v = 29843 - 29841. Let o(w) = -17*w + 56. What is o(v)?
22
Let o(g) = -g**2 + 14*g + 129. Let t = -18407 + 18400. Give o(t).
-18
Let l(a) = -a**2 - 7*a - 1. Suppose 2*j + 3*q + 263 = 0, -11*j + 534 = -15*j + 2*q. Let w = j - -128. Give l(w).
9
Suppose 69*w + 1405 = -86*w - 126*w. Let d(q) be the third derivative of q**2 + 0*q + q**3 - 1/60*q**5 + 0 - 1/6*q**4. What is d(w)?
1
Let k = -2 - -4. Let x(n) be the second derivative of -7*n**3/6 + 3*n**2/2 + 15252*n. Determine x(k).
-11
Let g(m) = -9*m**3 - 12*m**2 - 11*m - 102. Let h(q) = -5*q**3 - 7*q**2 - 5*q - 53. Let x(o) = -6*g(o) + 11*h(o). What is x(-6)?
-1
Let r(d) = -d**2 - 3*d. Let z = 5 - -51. Let q be (-1)/(z/20 + -3). Suppose 0*o + 20 = -q*o. Give r(o).
-4
Let c(u) = -u**2 + 7*u - 6. Let s(j) = 9 + 3*j**2 - 7*j - 3 + j**2 - 3*j**2. Let k(d) = 5*c(d) + 4*s(d). Let t = -1934 + 1939. What is k(t)?
4
Let n(f) be the first derivative of f + 54. Let v(b) = b - 1. Let k(w) = 2*n(w) + v(w). Give k(10).
11
Let i = 99 - 101. Let n be (3/7 + (-198)/(-126))/i. Let p(u) = 